{"id":7,"date":"2017-09-11T10:01:58","date_gmt":"2017-09-11T10:01:58","guid":{"rendered":"http:\/\/rotosol.solar\/\/?page_id=7"},"modified":"2026-04-23T17:13:18","modified_gmt":"2026-04-23T17:13:18","slug":"home","status":"publish","type":"page","link":"https:\/\/rotosol.solar\/solarpumps\/","title":{"rendered":"Home"},"content":{"rendered":"<p>Vertrauen Sie auf die Kompetenz unserer Ghostwriter, die direkt aus \u00d6sterreich kommen. Jede Arbeit wird individuell auf Ihre Bed\u00fcrfnisse abgestimmt und mit gr\u00f6\u00dfter Sorgfalt und Diskretion ausgef\u00fchrt. Wir garantieren faire Preise und absolute Vertraulichkeit. Mit 100% Originalinhalten und modernstem Plagiatschutz sichern Sie sich die Qualit\u00e4t, die Sie verdienen. Ghostwriter \u00d6sterreich \u2013 Ihre lokale Expertise f\u00fcr akademischen Erfolg.<\/p>\n<div style=\"height:0;overflow:hidden;\"><span id=\"QdfEcx_2424166_1776941404\" style=\"display:none\"><\/span><\/div>\n<div style=\"height:0;overflow:hidden;\"><span id=\"QdfEcx_2421807_1776964205\" style=\"display:none\"><\/span><\/div>\n","protected":false},"excerpt":{"rendered":"<p>Vertrauen Sie auf die Kompetenz unserer Ghostwriter, die direkt aus \u00d6sterreich kommen. Jede Arbeit wird individuell auf Ihre Bed\u00fcrfnisse abgestimmt und mit gr\u00f6\u00dfter Sorgfalt und Diskretion ausgef\u00fchrt. Wir garantieren faire Preise und absolute Vertraulichkeit. Mit 100% Originalinhalten und modernstem Plagiatschutz sichern Sie sich die Qualit\u00e4t, die Sie verdienen. Ghostwriter \u00d6sterreich \u2013 Ihre lokale Expertise f\u00fcr &hellip; <a href=\"https:\/\/rotosol.solar\/solarpumps\/\" class=\"more-link\">Continue reading<span class=\"screen-reader-text\"> &#8220;Home&#8221;<\/span><\/a><\/p>\n","protected":false},"author":1,"featured_media":0,"parent":0,"menu_order":0,"comment_status":"closed","ping_status":"closed","template":"","meta":{"footnotes":""},"class_list":["post-7","page","type-page","status-publish","hentry"],"_links":{"self":[{"href":"https:\/\/rotosol.solar\/solarpumps\/wp-json\/wp\/v2\/pages\/7","targetHints":{"allow":["GET"]}}],"collection":[{"href":"https:\/\/rotosol.solar\/solarpumps\/wp-json\/wp\/v2\/pages"}],"about":[{"href":"https:\/\/rotosol.solar\/solarpumps\/wp-json\/wp\/v2\/types\/page"}],"author":[{"embeddable":true,"href":"https:\/\/rotosol.solar\/solarpumps\/wp-json\/wp\/v2\/users\/1"}],"replies":[{"embeddable":true,"href":"https:\/\/rotosol.solar\/solarpumps\/wp-json\/wp\/v2\/comments?post=7"}],"version-history":[{"count":5,"href":"https:\/\/rotosol.solar\/solarpumps\/wp-json\/wp\/v2\/pages\/7\/revisions"}],"predecessor-version":[{"id":2250,"href":"https:\/\/rotosol.solar\/solarpumps\/wp-json\/wp\/v2\/pages\/7\/revisions\/2250"}],"wp:attachment":[{"href":"https:\/\/rotosol.solar\/solarpumps\/wp-json\/wp\/v2\/media?parent=7"}],"curies":[{"name":"wp","href":"https:\/\/api.w.org\/{rel}","templated":true}]}}